- 16*t**3. List the prime factors of d(w).
2, 3
Suppose -4*i = -4*b + 12, 5*i + 1 = b - 2. Suppose -x - 2*d + 8 = 3*x, 20 = x + 5*d. Suppose -5*l - 11 = -q, -b*l + x - 44 = -4*q. List the prime factors of q.
11
Let c(d) = -d**3 - 7*d**2 - 8*d + 1. Let g be c(-6). Let m = 34 - g. List the prime factors of m.
3, 7
Suppose 0 = -2*q + 8, -5*k + 34 + 5 = q. Let r be k/2 - (-2)/4. Let a = -2 + r. What are the prime factors of a?
2
Let o(t) = t**2 + 8*t - 4. Let j(g) = -2*g**2 - 16*g + 7. Let x(r) = 3*j(r) + 7*o(r). What are the prime factors of x(-9)?
2
Let z = 162 + -240. List the prime factors of z/(-18) + (-2)/6.
2
Suppose -5*m = 2*c - 31 + 6, 3*c - 4*m + 20 = 0. Suppose -19 = -3*q + 5*u, q - u = -0 + 5. Suppose c*n + q*n = 21. List the prime factors of n.
7
List the prime factors of 62/6 - 4/(-6).
11
Suppose -2*j = -1 + 5. What are the prime factors of j/7 - (-428)/28?
3, 5
List the prime factors of (10/10)/(2/226).
113
Let p = -193 + 270. Suppose 2*h - p = -5*a, 4*a = 3*a + 2*h + 13. Suppose -3*w + 0*l + 6 = -4*l, 5*l = a. List the prime factors of w.
2, 3
Let a(b) = 4*b - 19. Let v be a(9). Let u = -26 - -16. Let q = u + v. List the prime factors of q.
7
Let y(b) = b**2 - 1. Let d be y(-3). Let n = 0 + -4. Let q = d + n. What are the prime factors of q?
2
Suppose -823 = -5*y - 4*a, -6*y + 2*a = -y - 811. What are the prime factors of y?
163
Let u(l) = 2*l**3 + 4*l**3 - 9*l**2 - 5*l**3 + 5 + 8*l. Let x be u(8). Suppose x*d - 65 = -5*z, -d + 3*z + 16 = d. List the prime factors of d.
11
Let w(z) = z**2 + 5*z + 9. Let f be w(-7). Let g = f + -6. What are the prime factors of g?
17
What are the prime factors of 0 + 2 + -7 + 12?
7
Let v(k) = 3*k - 6. Let n(c) = -3*c + 5. Let a(d) = 2*n(d) + 3*v(d). List the prime factors of a(9).
19
Suppose 3*q = 2*t + 66, -2*t + 16 = 2*q - 28. List the prime factors of q.
2, 11
Let v(u) be the second derivative of u**3/3 - 5*u**2/2 - 2*u. Let h be v(7). List the prime factors of 6*(1 + 15/h).
2
List the prime factors of (16/6)/(4/54).
2, 3
Let p(m) = -4*m**3 - 10*m**2 - 10*m - 8. What are the prime factors of p(-4)?
2
Let y = 28 + -16. Suppose w + 3*b - 2*b - y = 0, -5*w + 68 = -3*b. What are the prime factors of w?
13
Suppose 2*a + 12 = 3*g - 125, -a - 1 = 0. What are the prime factors of g?
3, 5
List the prime factors of (-2 - -7)*72/5 + 0.
2, 3
Suppose -5*s = -s - 16. Suppose 2*k - 37 = -x - 5, -k + s = 0. What are the prime factors of x?
2, 3
Let h = 155 - 29. What are the prime factors of h?
2, 3, 7
Let p be 1/(-4) - 97/(-4). Let x = -15 + p. Suppose 0*a = -a + x. List the prime factors of a.
3
Let r(l) = l**2 + 4*l - 4. Let n be (-4)/((-4)/(-3)) - -6. List the prime factors of r(n).
17
Let x be 0/((1 - 3)/2). Suppose -5*c + x*n = -2*n - 53, -4*c + 3*n + 41 = 0. What are the prime factors of c?
11
Suppose -5*o + 3*h = -h + 69, -5*o - 64 = h. Let q = 23 + o. List the prime factors of q.
2, 5
Suppose -2*q + 30 = -0*q. Let h = -36 + q. What are the prime factors of (-7)/(h/18) + 1?
7
Let y be 6/(-1 - 5/(-2)). Let h = 88 - 43. Suppose y*a - h = -a. List the prime factors of a.
3
List the prime factors of 201*(4 + (-10)/5).
2, 3, 67
Let v be -1 - (2 + -1 + -3). What are the prime factors of (-9)/(-2) - v/2?
2
What are the prime factors of (327/(-1))/(-18 - -17)?
3, 109
Suppose 4*s - 197 + 129 = 0. What are the prime factors of s?
17
Let y be (-16)/56 + 66/(-14). Let c = 7 + y. List the prime factors of c.
2
Let p(z) = z + 21. Let g(j) = -5*j - 84. Let c(d) = 2*g(d) + 9*p(d). Let o be (-2 - (-3 + 1))*-1. List the prime factors of c(o).
3, 7
Let b = 6 - 16. Let c = b - -15. What are the prime factors of c?
5
Suppose 2*d + 2 = d. Let b(i) = i**3 + 4*i**2 - 2*i - 3. List the prime factors of b(d).
3
Suppose 4*w = 2*b - 148 + 46, w - 102 = -2*b. What are the prime factors of b?
3, 17
Let j = -3 - -46. List the prime factors of j.
43
Let y(a) = a + 8. Let i be y(-6). Suppose -i*u + 0 = -6. Suppose -2*g = -7 - u. List the prime factors of g.
5
Suppose 40 = 2*m - 4*x, -2*m - m + x + 50 = 0. Let f(w) = -w**3 + 5*w**2 + 2*w - 6. Let g be f(5). Suppose 92 = g*p + m. List the prime factors of p.
19
Let a = 5 - -19. Suppose -x - 4*t = -a, 0 = 4*x + 5*t - 44 - 52. What are the prime factors of x?
2, 3
Suppose 4*z = -4*c + 4, 5*z - 1 - 1 = -2*c. Suppose 9*x - 4*x + 3*q - 27 = z, -x + 5*q = -11. List the prime factors of x.
2, 3
Let i be (-15)/(-25)*(5 - 0). Suppose 8 = -i*w + 7*w. List the prime factors of w.
2
Let f(b) be the first derivative of -b**3/3 - b**2 + 2*b + 1. Let v be f(-2). Suppose -v*q = q - 21. What are the prime factors of q?
7
List the prime factors of ((-10)/8)/((-22)/792).
3, 5
Let p(s) = -s**3 + s**2 + 13. Suppose r = -4*r + 15. Let u(g) = g**2 - 2*g - 3. Let i be u(r). List the prime factors of p(i).
13
Let o(r) = -r**3 + 5*r**2 + 2*r - 5. Let v be o(5). Suppose -v*d = -4*d - 18. What are the prime factors of d?
2, 3
Let v be (-1)/4*3*4. Let j be 2 - 2 - 0 - v. List the prime factors of 40/j + (-4)/(-6).
2, 7
Let z(w) = 27*w**3 + 2*w - 1. List the prime factors of z(1).
2, 7
Let q be -2*(-1)/(-2) - -3. Let c(z) = 6*z + 2. What are the prime factors of c(q)?
2, 7
Suppose -2*q = -6*q + 4. Let c = 3 - q. List the prime factors of c.
2
Suppose -5*k + 52 = -3*n, -6*n = -2*n + 4*k + 16. Let p(q) = q**3 + 10*q**2 + 6*q. Let t be p(n). Let s = -18 + t. What are the prime factors of s?
3
Let s(i) = i**2 - 5*i + 2. Let h be s(4). Let c = h - -22. What are the prime factors of c?
2, 5
Let z(a) = -3*a. Let q be z(-1). Let t(w) = 3*w**2 - 2*w - 3. What are the prime factors of t(q)?
2, 3
Suppose d = 4*v - 13, 0 = 2*v + d - 0 + 1. Suppose -6*x + 192 = -v*x. Suppose -2*i - 24 = -4*s, -6*s = -s + 2*i - x. What are the prime factors of s?
2
Let t(r) = -r - 2. Suppose p = -3*p - 20. List the prime factors of t(p).
3
Let k(l) = l**2 + 8*l - 1. Let d be k(-10). Suppose d = r + 5*a - 23, 0 = -r + 2*a + 56. What are the prime factors of r?
2, 13
Let l(g) = g**2 - 2*g - 3. Let j be l(4). Suppose -j*q - 5 = 0, -3*q - q - 10 = 2*s. List the prime factors of 7/(3/(-9)*s).
7
Suppose -b - u + 55 = 0, -2*b - 55 = -3*b + 2*u. Suppose 3*k + d - b = 3, -3*k + 54 = 3*d. Suppose 5*g = -0*g + k. What are the prime factors of g?
2
Let i = 215 - 127. List the prime factors of i.
2, 11
Let v(g) = -g**2 + 30*g - 34. List the prime factors of v(24).
2, 5, 11
Let i(b) = -2*b**2 - 5*b**2 - 4*b - 2 + 5*b**2 + b**3. What are the prime factors of i(4)?
2, 7
Suppose 5*t = t. Suppose t*o - 45 = -3*o. Suppose 0 = m + 4*m - o. What are the prime factors of m?
3
Let f(g) = -7*g**2 - 5*g + 1. Let r(y) = -3*y**2 - 2*y + 1. Let z(i) = -2*f(i) + 5*r(i). List the prime factors of z(0).
3
Suppose 12 = 5*a - z, 5*a + z = 4*z + 6. Let v be a/(-5) + 224/40. Suppose -v*l + 6 = -54. List the prime factors of l.
2, 3
Let w(i) = 2*i**2 + 3*i + 1. Let u be w(-2). Let g = u + -3. Suppose 4*p - j - 32 + 0 = g, 3*j = 2*p - 26. List the prime factors of p.
7
Let c = -9 - -117. List the prime factors of c.
2, 3
Let w(n) = -n**2 + 13*n - 12. Let k = 8 + -8. Suppose k*j - 3*j + 5*h = -20, 8 = 4*h. List the prime factors of w(j).
2, 3
Let d be (-3)/6 - (-26)/4. Suppose y + d = 3*y. Suppose -y = -z + 2. List the prime factors of z.
5
Suppose 4*v = n + 52 - 10, 5*n = -10. List the prime factors of v/1*(-9 + 10).
2, 5
Suppose -2*q - 3 = -4*v - 163, 3*q - 3*v - 231 = 0. What are the prime factors of q?
2, 37
Let m(v) = 2*v**3 - 2*v**2 - 2*v. Let b be (-8)/(-3) + (-1)/(-3). Let p be m(b). List the prime factors of p/7 + (-6)/21.
2
Let u(o) = -8*o. Let b be u(6). What are the prime factors of (b/(-20))/(1/10)?
2, 3
Suppose 3*n + 2*n + 4*v - 13 = 0, n - 11 = 2*v. Suppose 2*u - n*k + 8 = 0, 4*u - 44 = 4*k - 9*k. What are the prime factors of u?
2, 3
Suppose -4 = -y - 0*y. Suppose h - 5*s - 74 = 0, -7*h - 3*s + 186 = -y*h. Suppose h = c + 3*c. What are the prime factors of c?
2
Suppose m - 5 - 11 = 0. Suppose o - 2 - m = 0. What are the prime factors of o?
2, 3
Let d(u) = 4*u + 4. Let n be (-2)/(-6) - 16/3. Let w be d(n). Let y = w + 23. List the prime factors of y.
7
Let c be 1/(-1 + -2 + 2). List the prime factors of 3 + 8 + c + 1.
11
List the prime factors of (-8)/(1/(-3 + 1)).
2
Let a = -5 - -10. Let x = a + 5. List the prime factors of x.
2, 5
Suppose 2*w = -4*s + 152, 82 = 5*